factors of x.
2
Let l(z) = z**3 + 4*z**2 + 3*z + 3. Let s be l(-4). Let q be 0 - ((1 - -2) + 1). List the prime factors of q/6*3 - s.
7
Let s(j) = 4*j**2 + j - 5. List the prime factors of s(4).
3, 7
Suppose -4*k + 70 = k. List the prime factors of k.
2, 7
Let u(a) = -a**3 - 5*a**2 + 4*a + 7. Let j be u(-6). List the prime factors of -1 + j + -2 + -1.
3, 5
List the prime factors of (8/(-12) + -2)*282/(-8).
2, 47
Let u(t) be the third derivative of t**6/120 - t**5/60 + t**4/24 + 16*t**3/3 + 5*t**2. List the prime factors of u(0).
2
Let x = 17 - -10. Suppose -3*z + 3*s + 0*s = -x, 3*s - 9 = -3*z. List the prime factors of z.
2, 3
Let b(p) = 2*p - 5. Let w(z) = -z + 4. Let m(r) = -4*b(r) - 3*w(r). What are the prime factors of m(-9)?
53
Suppose 3*q - 3*j = -99, 5*q + 5*j - 43 = -198. Let c = -20 - q. List the prime factors of c.
2, 3
Suppose 2*l = -0*l + 16. Suppose 0 = 4*o - l*o. Suppose o = -3*c - 2*r + 17, 0 = c + 3*c - r - 8. What are the prime factors of c?
3
Suppose 42 = -2*g + 4*g + 3*i, 20 = 5*i. Suppose -g + 6 = n. Let s = 3 - n. What are the prime factors of s?
2, 3
Let o(i) = i**2 - 2*i. Let j be o(2). Suppose -5*m + 2*v - 60 = j, m + 2*v - v = -5. List the prime factors of (-34)/m + (-4)/10.
3
Let q be (-6)/27 + 68/(-18). List the prime factors of -30*(-3)/(-18)*q.
2, 5
Let c = 1 - -1. Suppose -5 = c*q - 1. List the prime factors of 4 - ((0 - -1) + q).
5
Let v = 104 - 53. Let j = 32 - 68. Let m = v + j. What are the prime factors of m?
3, 5
Let n(w) = -13*w - 45. List the prime factors of n(-11).
2, 7
Suppose -6 = 4*f - 102. Suppose l + 2*l - f = 0. Suppose 2*o - o = x + l, 5*o - 43 = 2*x. What are the prime factors of o?
3
Let b = -402 - -564. Suppose 5*m = 4*a + b, -5*m = -2*a + 6*a - 138. List the prime factors of m.
2, 3, 5
Let a = 498 + -205. List the prime factors of a.
293
Suppose 2*x - 5*x - 3 = 0. What are the prime factors of x - 9/(-3) - -17?
19
Let j(g) = -g**3 - 7*g**2 - 6*g + 7. Let w be j(-6). Suppose 3*r = w + 2. Suppose r*h - 16 = -1. List the prime factors of h.
5
Suppose -2*a - 48 = -128. What are the prime factors of a?
2, 5
Suppose b = -2*u + 4, 0 = -2*b - u - u. Let n = -14 + b. Let m = -8 - n. List the prime factors of m.
2, 5
Let j(g) = g**3 + 7*g**2 + 6*g - 4. Let c be j(-5). Let b = c + 6. List the prime factors of b.
2, 11
Suppose 0*d + 48 = 3*d. Suppose l - 10 = c, -3*l + 18 = c - d. What are the prime factors of l?
11
Suppose 6 = -2*t, 4*p - 2*t - 61 = -3*t. List the prime factors of p.
2
Suppose 5*s - 119 = -5*j - 29, 0 = -3*s + 2*j + 49. List the prime factors of s.
17
Let i(d) = -d**2 + 10*d - 7. Suppose 5*z + 5*y - 35 = 0, -z + 2*z = y + 9. What are the prime factors of i(z)?
3
Let t = -7 - -13. Let s be 2/t - 12/9. List the prime factors of s + 7*(2 + -1).
2, 3
Suppose 0 = 3*n - 401 + 44. What are the prime factors of n?
7, 17
Let m(d) = d + 4. List the prime factors of m(5).
3
Let w be -3*12/(-4) - 4. Suppose -26 + 316 = w*g. List the prime factors of g.
2, 29
List the prime factors of 2/2 + (107 - 17).
7, 13
Let b = 7 + -4. List the prime factors of 2/6 + 86/b.
29
List the prime factors of -4 + 3 - (-22 - 3).
2, 3
Suppose 9 = -4*l + 7*l. What are the prime factors of l?
3
Let k(a) = -a**3 + 4*a**2. Let z be k(3). Let s be (3/1)/((-3)/(-2)). Suppose -3 = s*v - z. List the prime factors of v.
3
Suppose -3*d + 39 = -6*d. Let x = -18 - d. List the prime factors of (x/10)/((-2)/48).
2, 3
Suppose y + 1 = 2*y. Suppose s - 2 = y. What are the prime factors of s?
3
Let u = 2 - 2. Suppose u - 4 = 4*b. Let s = b - -6. List the prime factors of s.
5
Let k be -2 + (5 - 0)*1. Let p = -4 + 8. Suppose -r + 36 = 4*g + 2*r, -k*r = -p*g + 12. List the prime factors of g.
2, 3
Let s be (-188)/(-12) + 2/(-3). Let n be 2/(6/s)*1. Suppose n*r = -6 + 61. What are the prime factors of r?
11
Suppose 5*x = -5*c - 0*x + 30, 0 = 2*c + 5*x - 12. What are the prime factors of c?
2, 3
Suppose -3*u + 5 = 2*u. Let o be (-2)/(-2) - -10 - u. Let a = o + -6. What are the prime factors of a?
2
Let u be 3*2 + (-1 - 1). Suppose -2*o = -2*d + 40, -6*d + 46 = -4*d - u*o. What are the prime factors of d?
17
Let i(v) be the third derivative of v**7/2520 - v**6/360 - v**5/30 + v**4/12 - v**2. Let r(c) be the second derivative of i(c). List the prime factors of r(5).
11
Suppose 0*f + 285 = -5*f. Let n = -33 - f. Suppose -w + 8 = y, 44 + n = 5*w - 2*y. List the prime factors of w.
2, 3
Let g(m) be the third derivative of m**5/60 + m**4/24 + m**3 - 5*m**2. What are the prime factors of g(6)?
2, 3
Let u(m) = -m**2 - 5*m. Suppose -1 = 4*r + 19. Let d be u(r). Suppose d = i - 1 - 4. List the prime factors of i.
5
Let m(z) be the first derivative of 37*z**4/4 + z**3/3 + z**2/2 - z + 5. What are the prime factors of m(1)?
2, 19
Suppose -2*i - 750 = -2*q, -9*i = 5*q - 7*i - 1896. List the prime factors of q.
2, 3, 7
Let w = 11 + 0. Let i(q) = q**3 - 10*q**2 - 10*q - 9. List the prime factors of i(w).
2
Suppose -74 = -2*v + 3*p, -v = 3*v - p - 128. Let g = v - 19. List the prime factors of g.
2, 3
Let v(u) = 9*u - 26. List the prime factors of v(29).
5, 47
Let l(m) = -6*m + 26. Let j(k) = 2*k - 9. Let x(c) = 14*j(c) + 5*l(c). Let r be x(3). What are the prime factors of r/(-6) + 40/6?
7
Let g(y) = -y**2 - 8*y - 3. What are the prime factors of g(-5)?
2, 3
Let g be ((-19)/(-3))/(4/48). Suppose -h + 3*h - o = 48, -3*o = 4*h - g. What are the prime factors of h?
2, 11
Suppose -5*h = -10*h + 10. Suppose 0 = t - c - 15, 0 = 5*t + h*c + 6 - 67. List the prime factors of t.
13
Suppose 0 = -4*b + 86 - 14. What are the prime factors of b?
2, 3
Suppose 2*k - 25 = -3*k. Suppose -k*x + 6*c - 2*c = -80, 15 = -3*c. Let s = -6 + x. What are the prime factors of s?
2, 3
Suppose -z = -2*z + 1. Let h(s) = s**3 + 5*s**2 + 4*s + 2. Let d be h(-4). Suppose -d = -k + z. What are the prime factors of k?
3
Let k(t) = 4*t - 1. Let g be k(6). Suppose -4*x + 2*b + 27 = -g, 2*b = 2*x - 26. What are the prime factors of x?
2, 3
Suppose -179 = -4*u + 1. Suppose -5*n = 3*x - u, -3*n + 0*x + 3*x = -3. Let y = n + -4. List the prime factors of y.
2
Suppose -4*d - 4*x = -2*x - 170, 0 = -x - 1. Suppose 0*n - 2*n + 2*z = 26, -4*n + z - d = 0. List the prime factors of (8/n)/(2/(-10)).
2
Suppose 28*g = 23*g + 815. List the prime factors of g.
163
Let f(d) = 2*d. Let g be f(4). Let h be (g/10)/(4/10). List the prime factors of 8*1 + -3 + h.
7
Let n(b) = b**3 - 8*b**2 + b - 4. Let y be n(8). Let u(x) = 3*x**2 - 6*x + 2. What are the prime factors of u(y)?
2, 13
Let p = -342 + 504. What are the prime factors of p?
2, 3
Let r(l) = 2*l**2 + 4*l - 6. Let k be r(-7). Let f = -39 + k. What are the prime factors of f?
5
Let v(j) = -j**3 + 5*j**2 - j. Let a be v(4). Suppose -u + p - 2*p = 9, -3*p - 11 = u. Let r = a + u. What are the prime factors of r?
2
Let a = -42 - -74. Suppose -2*q = 2*q - a. What are the prime factors of q?
2
Let j(i) = i**2 - i + 8. Let x = 5 - 7. Let w be x/4 + (-1)/(-2). What are the prime factors of j(w)?
2
Let r(k) = k**2 - 2*k - 3. Let g be r(3). Let x = 8 + -6. Suppose g = -x*m + 5 - 1. List the prime factors of m.
2
Let a be (-6 + 5)/((-1)/11). Suppose m - a + 41 = 0. Let y = 46 + m. List the prime factors of y.
2
Suppose 72 = 5*h + h. List the prime factors of h.
2, 3
Let i(f) = -f**2 + 3*f + 1. Let y be i(2). Suppose -o + 3*d - 6 + 33 = 0, -3*o + 45 = y*d. List the prime factors of o.
2, 3
Let t(n) = n. What are the prime factors of t(3)?
3
Suppose 8*k - 3*k + 4*p = 0, 5*k = -5*p. Let r = k - -8. Let w = r - 3. What are the prime factors of w?
5
Let u = -74 - -87. List the prime factors of u.
13
Let x(q) = q - 1. Let y be x(-3). Let v = y - -4. Suppose v = -5*t + 4*t + 15. List the prime factors of t.
3, 5
Let q = -1 + 6. Let v = -35 - -68. Suppose v = 3*y - 4*f, -q*y = 3*f - f - 55. List the prime factors of y.
11
Suppose g = 5*d + 49, d = 5*d - 20. List the prime factors of g.
2, 37
Suppose -x = -11 - 21. Let s be 32/10 + (-12)/60. Suppose b + 5*t = x, -2*t + 45 = s*b - 4*t. List the prime factors of b.
17
Let v(m) be the first derivative of m + 3/2*m**2 + 2 - 1/4*m**4 - 1/3*m**3. List the prime factors of v(-3).
2, 5
Suppose 171 = 3*v + 2*v - 2*x, 3*v = -5*x + 84. List the prime factors of v.
3, 11
Let s(g) = -g**2 - 10*g + 9. Let w be s(-9). What are the pri